{"id":2,"date":"2026-01-22T17:05:40","date_gmt":"2026-01-22T17:05:40","guid":{"rendered":"http:\/\/san-antonio.co\/wpqi\/?page_id=2"},"modified":"2026-01-22T18:20:53","modified_gmt":"2026-01-22T18:20:53","slug":"sample-page","status":"publish","type":"page","link":"https:\/\/san-antonio.co\/wpqi\/sample-page\/","title":{"rendered":"SAN"},"content":{"rendered":"\n<p>San Antonio Networks SAS, sigla SAN:<\/p>\n\n\n\n<p>Somos IT, especialistas en soluciones Integrales de Tecnolog\u00eda.<\/p>\n\n\n\n<p>Enfatizamos en la investigaci\u00f3n para mejorar la productividad.<\/p>\n\n\n\n<p>Nuestro objetivo principal es servir a nuestros clientes con soluciones eficaces.<\/p>\n\n\n\n<p>Nuestro equipo de t\u00e9cnicos est\u00e1 altamente capacitado y es supervisado por profesionales responsables e id\u00f3neos.<\/p>\n\n\n\n<p>Gracias a nuestra preparaci\u00f3n y experiencia en el ramo de los sistemas, garantizamos excelentes resultados en el rendimiento de su Infraestructura Tecnol\u00f3gica.<\/p>\n\n\n\n<p>Somos distribuidores autorizados de las mejores marcas de Tecnolog\u00eda.<\/p>\n\n\n\n<p>Ofrecemos soporte y mantenimiento en Software y Hardware para la Intranet e Internet.<\/p>\n\n\n\n<p>Construimos redes de cableado estructurado y el\u00e9ctricas cumpliendo a cabalidad con las normas nacionales e internacionales.<\/p>\n\n\n\n<p>Brindamos capacitaci\u00f3n en \u201csoft-skills\u201d y \u201chard-skills\u201d<\/p>\n\n\n\n<p>\u00a1Estaremos atentos a servirles con todo gusto!<\/p>\n\n\n\n<p><\/p>\n","protected":false},"excerpt":{"rendered":"<p>San Antonio Networks SAS, sigla SAN: Somos IT, especialistas en soluciones Integrales de Tecnolog\u00eda. Enfatizamos en la investigaci\u00f3n para mejorar la productividad. Nuestro objetivo principal es servir a nuestros clientes con soluciones eficaces. Nuestro equipo de t\u00e9cnicos est\u00e1 altamente capacitado y es supervisado por profesionales responsables e id\u00f3neos. Gracias a nuestra preparaci\u00f3n y experiencia en [&hellip;]<\/p>\n","protected":false},"author":1,"featured_media":0,"parent":0,"menu_order":0,"comment_status":"closed","ping_status":"open","template":"","meta":{"pagelayer_contact_templates":[],"_pagelayer_content":"","footnotes":""},"class_list":["post-2","page","type-page","status-publish","hentry"],"_links":{"self":[{"href":"https:\/\/san-antonio.co\/wpqi\/wp-json\/wp\/v2\/pages\/2","targetHints":{"allow":["GET"]}}],"collection":[{"href":"https:\/\/san-antonio.co\/wpqi\/wp-json\/wp\/v2\/pages"}],"about":[{"href":"https:\/\/san-antonio.co\/wpqi\/wp-json\/wp\/v2\/types\/page"}],"author":[{"embeddable":true,"href":"https:\/\/san-antonio.co\/wpqi\/wp-json\/wp\/v2\/users\/1"}],"replies":[{"embeddable":true,"href":"https:\/\/san-antonio.co\/wpqi\/wp-json\/wp\/v2\/comments?post=2"}],"version-history":[{"count":2,"href":"https:\/\/san-antonio.co\/wpqi\/wp-json\/wp\/v2\/pages\/2\/revisions"}],"predecessor-version":[{"id":11,"href":"https:\/\/san-antonio.co\/wpqi\/wp-json\/wp\/v2\/pages\/2\/revisions\/11"}],"wp:attachment":[{"href":"https:\/\/san-antonio.co\/wpqi\/wp-json\/wp\/v2\/media?parent=2"}],"curies":[{"name":"wp","href":"https:\/\/api.w.org\/{rel}","templated":true}]}}